 x is divided by 4?
3
Let u = 888 + -877. Suppose 5*y - 147 = 9*p - 7*p, 143 = 5*y - 3*p. Calculate the remainder when y is divided by u.
9
Calculate the remainder when 3/5 - (-4 - 11872/80) is divided by 3.
0
Suppose -g = -3*p - 3*g + 10, -16 = -4*p - 4*g. Let d(t) = -10*t + 33. Calculate the remainder when 400 is divided by d(p).
10
Let w = -17 - -15. Suppose -3*n = -3*h + 80 - 29, 0 = 5*h - 4*n - 80. What is the remainder when -8 - -9 - 16*w is divided by h?
9
Let m = 19070 + -19052. Calculate the remainder when ((-8)/(-2))/((-12)/(-102)) is divided by m.
16
What is the remainder when -2 + 2905 + -14 + 34 + -10 is divided by 2907?
6
Let d(l) = -l**3 + 5*l**2 + 8*l - 2. Let h be (-2)/(-8) - 3/12. Calculate the remainder when d(-3) is divided by 1/1 - (h - 15).
14
Calculate the remainder when (-13)/(52/160)*66/(-24) is divided by ((-28)/10 - -2) + (-1596)/(-70).
0
Suppose 2*q - 3*b = 408, -3*q + 614 = -b - 3*b. Suppose q = 47*n - 41*n. Calculate the remainder when n is divided by 10.
5
Let x(g) = -g**3 + g**2 - 82*g + 2933. Calculate the remainder when x(0) is divided by 196.
189
Let v = 79 + -82. Let m be -1 - (0 + -166 + v). Suppose 3*w - 2*d = -w + m, 2*d - 152 = -4*w. What is the remainder when 156 is divided by w?
36
Suppose -5*r = -4*w - 20, 7*r - 258*w + 254*w - 36 = 0. What is the remainder when 10622 is divided by r?
6
Let d(m) = 5*m - 9. Let a(j) = -12*j + 19. Let y(h) = 2*a(h) + 5*d(h). Calculate the remainder when 84 is divided by y(29).
18
Let q be 8/(-1 + (-3)/(-1)). Suppose -4*c + 191 = c + a, -4 = -q*a. Calculate the remainder when c is divided by 5.
3
Let o = 23101 + -22035. Calculate the remainder when o is divided by 347.
25
Suppose -5*k + 4 = -3*d, 0 = 10*d - 14*d - 4*k + 16. Suppose -190 = -7*a + d*a. Calculate the remainder when 74 is divided by a.
36
Let g be (-30)/300 + (-2911)/(-10). Let d = -257 + g. Calculate the remainder when 66 is divided by d.
32
Suppose 8*v = -49*v + 285. Suppose -5*q + 5*d + 90 = 0, 0 = q + 3*d - 15 + v. What is the remainder when q is divided by 1?
0
Let f(s) = 144*s + 2950. Calculate the remainder when f(-19) is divided by 97.
20
Let y = 36633 + -36576. Suppose 4*i + 5*u = 92, -3*i + 3*u + 69 = 6*u. Let j = i + -3. What is the remainder when y is divided by j?
17
Let h(b) = 12*b**2 + 79*b + 177. Calculate the remainder when 311 is divided by h(-4).
46
Let a(g) = 2*g**2 - 9*g + 1. Calculate the remainder when a(7) is divided by (-7)/2*(4495/(-217) + 13).
9
Let l(v) be the second derivative of 23*v**5/5 - v**4/12 + v**3/6 + 13*v - 2. Let b = -29 - -30. What is the remainder when l(b) is divided by 48?
44
Suppose -2*r + 61 = 4*j + 13, r = -j + 27. Let d(i) = i**2 - 24*i - 53. What is the remainder when d(r) is divided by 35?
22
Suppose -6*y + 731 - 359 = 0. Calculate the remainder when 295 is divided by y.
47
Let d(k) = 8*k**2 - 21*k + 3. Suppose 10 = -5*z, 2*y + 5*z - 1 = -5. What is the remainder when (0 - -1)/(2/46) is divided by d(y)?
11
Let v(d) = 15*d**2 - 61*d + 40. What is the remainder when 1367 is divided by v(4)?
35
Suppose 0 = 142*a - 92911 + 49036 - 249639. What is the remainder when a is divided by 47?
46
Suppose 0 = 4*t - 161 - 331. Suppose 0*w + 54*w - 367 - 497 = 0. What is the remainder when t is divided by w?
11
Let a(c) = 16*c - 66. Let m be a(4). Calculate the remainder when 397 is divided by (48/9)/(m/(-15)).
37
Let q be -26 + 22 + (0 + 24)/3. Suppose 21*v + 5*u = 23*v - 147, q*v + 4*u = 364. What is the remainder when v is divided by 43?
0
Suppose -22 = -3*c + 50. Suppose 121*s = 120*s + 3*t + 11, 0 = s - 4*t - 13. Calculate the remainder when c is divided by s.
4
Let d = -9114 - -11592. What is the remainder when d is divided by 31?
29
Let x(m) be the second derivative of 2*m**3/3 - 10*m**2 - 24*m. Let j be x(24). Let c = -2 + j. Calculate the remainder when c is divided by 38.
36
Let i(t) = -t**3 - t**2. Let s be i(-1). Suppose s = f - 3 - 8. Suppose -2*c - 3*p = -67, 4*p = 39*c - 34*c - 225. What is the remainder when c is divided by f?
8
Suppose -113928 = -206*c + 65*c. Calculate the remainder when c is divided by 16.
8
Suppose 3*i - 99 = 6. Suppose 7*f - 933 + 7569 = 0. What is the remainder when f/(-15) - (-2 - (-66)/30) is divided by i?
28
Suppose -474 = 6*c - 18. Let w = 208 + c. Suppose -m = 0, w = 3*h - m + 39. Calculate the remainder when h is divided by 17.
14
Suppose -10*l + 28 = -3*l. Suppose 3*r - 19 = l*z, -7*z + 3*z - 10 = -2*r. What is the remainder when r is divided by 7?
2
Let r be (4/2 + -2)*-1. Suppose -360 = -5*n + 5*p, r*p - 212 = -3*n + 4*p. Suppose 69*s - 1196 = 59*s - 36*s. Calculate the remainder when n is divided by s.
24
Suppose -2*g + 262 = 4*u, 4*u - 213 = 64*g - 59*g. Calculate the remainder when 4159 is divided by u.
5
Let j(d) = -d**2 - 25*d + 722. What is the remainder when 789 is divided by j(-41)?
63
Suppose 5*c + 87 = 422. Let g(r) = 9*r + 323. Let z be g(-29). Let m = c - z. Calculate the remainder when m is divided by 2.
1
Let h = 22991 + -22935. Calculate the remainder when 100 is divided by h.
44
Suppose 56*h + 3608 = -4*o + 57*h, -20 = 5*h. Let n = -900 - o. Let d(m) = -m**2 + 8*m. Calculate the remainder when d(5) is divided by n.
0
Let h = 24000 + -23987. Let p = -153 - -255. Calculate the remainder when p is divided by h.
11
Let p = 5 + -1. Let j be 2114/604*(-20)/(-7). What is the remainder when 24 is divided by j/p*(198/30 - 1)?
10
Let t(u) = u**3 + 31*u**2 + 128*u + 172. What is the remainder when t(-26) is divided by 169?
55
Suppose 32 = b + 3*b. Calculate the remainder when (-13137)/(-319) - 2/11 is divided by b.
1
Suppose 5*h + 343 - 13 = 2*z, 4*z = 3*h + 184. Let q = 15 - h. What is the remainder when q is divided by 24?
11
Suppose -20*r + 150 = -10*r - 5*r. What is the remainder when 1211 is divided by r?
11
Let a(r) = 42*r + 30. Let w be a(9). Calculate the remainder when w/36*3/2 is divided by (-25)/(-5) - (-1 - -1).
2
Let h(y) = y**3 + y**2 - 52*y - 31. What is the remainder when h(8) is divided by 59?
11
Let h = 1 + 1. Suppose 68 = h*p - 0*p. Suppose -n + p = 2*t - 3*n, t + 8 = -4*n. What is the remainder when 47 is divided by t?
11
What is the remainder when 1474 + 3*((-8)/(-6) + 16/12) is divided by 165?
162
Let q(g) = -g**2 - 2*g + 526. Let b be q(0). Suppose 0 = -7*u + b + 139. Suppose 6*x = 169 + u. What is the remainder when 129 is divided by x?
41
Suppose 4*k + 4*k = 2*k. Suppose 2*a - 2*a - 6*a = k. Suppose -p - 10*p + 275 = a. Calculate the remainder when p is divided by 10.
5
Let k = -640 - -643. Suppose 20 = u - k*v, -22*u + 26*u - 88 = 4*v. Calculate the remainder when 619 is divided by u.
21
Let f = -19 - -45. Let d(c) = -3*c**3 - 17*c**2 + 74*c - 47. Calculate the remainder when d(-9) is divided by f.
19
Let c(f) = 4*f - 16. Let g be c(4). Suppose g = 2*w, -2*i + 42 = -w + 162. Let r = 91 + i. Calculate the remainder when r is divided by 12.
7
Suppose 0 = 8*d + 11 + 61. What is the remainder when -6*2*46/(-12) is divided by d + (-132)/(-15) + 162/10?
14
Let g = 14 - 10. Suppose -g*x + 66 = -46. Calculate the remainder when 82 is divided by x.
26
Suppose -430 = -2*a + 82*t - 84*t, -5*a + 1115 = -3*t. Calculate the remainder when a is divided by 109.
2
Let s = 3 - -12. Let r(k) = 7*k**2 + 18*k - 15. Let t(h) = -h**2 + 1. Let q(m) = -r(m) - 6*t(m). What is the remainder when q(-8) is divided by s?
14
Suppose -278 = -3*u + 5*c, 8*u - 5*c = 10*u - 152. What is the remainder when 250 is divided by u?
78
Calculate the remainder when 10754 is divided by (4 + 23/(-5))*-265*1/3.
48
Let y be 2 + -2 - (-1 + 1). Suppose 0*f + 2*f - 148 = y. Let g(i) = 381*i - 45301. What is the remainder when f is divided by g(119)?
36
Let s = -6952 - -7043. Calculate the remainder when s is divided by 5.
1
Let r be 4*(25/(-10) - -3). Let y be (-3468)/(-30) - r/(-5). Suppose -4*w + 262 = -2*b, 3*w = w - 4*b + y. What is the remainder when w is divided by 13?
12
Suppose 7 = 3*h - 17. Suppose -39*t = -5*w - 43*t + 184, -4*w = 2*t - 146. Calculate the remainder when w is divided by h.
4
Suppose 4*s - 31*s + 1776 = 21*s. Calculate the remainder when 1804 is divided by s.
28
Suppose -h = 5*z + 1 + 4, -2*z = 5*h - 44. Suppose 3*n + 6 = 0, 58 = -7*l + h*l + 4*n. Calculate the remainder when 68 is divided by l.
2
Suppose -35 - 25 = 